p(a) = 6*a - 17. Let x be 3/(-2)*(-76)/57. Determine p(x).
-5
Let p(v) be the third derivative of v**5/60 - v**4/12 - 7*v**3 - 655*v**2. Calculate p(0).
-42
Let s(v) = -7*v**3 - 93*v**2 - 26*v + 4. Let z be s(-13). Let d(c) = -c + 7. Calculate d(z).
3
Let x(f) = -5*f + 4*f + 0*f. Let r(l) = -l**3 + 16*l**2 + l + 27. Let i be r(15). Suppose 6*s + i - 261 = 0. Determine x(s).
1
Let b = 31 - 33. Let n(l) = l + 1. Let g be n(b). Let i(d) = 5*d + 1. What is i(g)?
-4
Let z = -1419 - -1413. Let l(y) = -6*y**2 - 35*y + 3. What is l(z)?
-3
Let s(a) = 2*a - 3. Let x = -412 + 590. Suppose -x*b + 175*b = -18. Calculate s(b).
9
Suppose 24 + 2352 = -236*m - 61*m. Let s(q) = -q**2 - 7*q + 9. Determine s(m).
1
Let g be 204/85 + (-4)/10. Let k(i) = -4 - 2*i + 6*i**2 - 24*i**g + 8*i**2 + 8*i**2 + i**3. Give k(3).
-1
Let a(m) = -m**2 + 1. Let o = -53 + 55. Let f(d) = -6*d**2 - 3*d**2 + 1 - 5*d**2 + 16*d**o - 2*d. Let z(n) = 3*a(n) + f(n). Determine z(-5).
-11
Suppose 37*n - 1865 = -1717. Let m(z) = z**2 + 3*z - 1. Let k be m(-4). Let j(p) = 0 + 2*p - 2 + 0*p - k*p. Give j(n).
-6
Let r be (12 - 1)/((0 + 4)/(-24)). Let q = -62 - r. Let a be (-2)/(-12)*-3*q. Let j(h) = 2*h**3 + 2*h**2 + h + 2. Determine j(a).
-8
Let u(j) be the third derivative of -1/4*j**4 + 0 + 0*j + 89*j**2 - 1/3*j**3. Calculate u(1).
-8
Suppose 8 = 4*b + 4*j, 0 = -4*j - 0*j + 16. Let z(h) be the first derivative of -9*h**2/2 - 2*h + 11. Let u(t) = t. Let d(x) = -6*u(x) - z(x). What is d(b)?
-4
Let i(r) be the third derivative of r**4/12 - r**3/3 - r**2. Let g = -76144 + 76139. What is i(g)?
-12
Let x = 597 + -594. Let o(a) = -9 - 2*a - 13*a**2 + a**x + 0*a + 3*a + 3*a**2 - 9*a**2. What is o(19)?
10
Let w(j) = 0 - 1 - 404*j**2 + 818*j**2 - 413*j**2 - 3*j. Calculate w(-4).
27
Suppose -28 + 12 - 34 = 5*l. Let o(j) = -4*j - 21. Determine o(l).
19
Let x(l) = -2 + 10*l - 3*l**2 + 2*l**2 - 15. Let b be (-1 - 6)*((-11 - -6) + 4). Let s be x(b). Let g(a) = a**3 - 2*a**2 - 5*a - 2. Give g(s).
10
Let v(j) be the second derivative of j**6/360 + 7*j**5/120 - 5*j**4/12 - 3*j**3 + 8*j. Let f(h) be the second derivative of v(h). What is f(-8)?
-2
Let q(u) = -2*u + 29. Suppose 8 = -16*c + 184. Determine q(c).
7
Let j(u) = 22*u - 10. Let b(a) = 11*a - 10. Let i(r) = -5*b(r) + 4*j(r). Determine i(-4).
-122
Let t(m) be the third derivative of -m**5/60 + 7*m**4/12 + 59*m**3/3 + 322*m**2 - 6. Give t(-6).
-2
Let m(l) = -16*l - 11*l + 25*l - 26. Let d be m(-17). Let u be 5/(d - 3)*-1. Let n(b) = 18*b + 1. What is n(u)?
-17
Let t(o) = 22*o + 132. Let s be t(-6). Let k(c) = -c**3 + c - 51. What is k(s)?
-51
Let o(t) = -2*t**2 + 29*t + 18. Let y(g) = -5*g**2 + 55*g + 29. Let p(s) = -5*o(s) + 3*y(s). Calculate p(4).
-3
Let i = 176 + -173. Suppose -2*l - 16 = 5*v, -2*l = -i*l - 2*v - 6. Let y(z) = -5*z + 4. Give y(l).
-6
Let s = -9 + 3. Let o(n) = 8*n - 16. Let b(v) = -11*v + 25. Let k(m) = -5*b(m) - 7*o(m). Give k(s).
-7
Let m(t) = 228*t - 1820. Let o be m(8). Let q(s) = -2*s**2 + 4*s - 1. Give q(o).
-17
Let w(z) = -25*z**3 + 69*z**2 + 76*z + 102. Let b(j) = 32*j**3 - 92*j**2 - 101*j - 135. Let o(r) = 7*b(r) + 9*w(r). Give o(-22).
-5
Let t = -351 + 338. Let o(f) = -f**2 - 16*f - 43. What is o(t)?
-4
Suppose 2*q + 4*p + 306 - 290 = 0, -4*q + 2*p - 32 = 0. Let c(u) = 7*u**2 + u**2 - 3*u**2 + 3*u**2 + u + u**3 + 7. Determine c(q).
-1
Let c(j) = -j - 7. Let s = 6415 - 6408. Calculate c(s).
-14
Suppose -41*j + 155 = -10*j. Suppose -7*g + 12 = -5*g. Let q(k) = -k**3 - k - 1. Let x(c) = 5*c**3 + 4*c**2 + 12*c + 11. Let n(i) = g*q(i) + x(i). Give n(j).
10
Let a = -22 + 25. Let x(w) = -79 + 34 - 2*w**2 - w**a - 3*w + 24 + 20. Let c be 14/(-6) - 2/3. Give x(c).
17
Let h(m) = m**3 + 14*m**2 + 11*m - 18. Suppose -4*l + 4*z + 32 = 0, -42 + 13 = -3*l + 4*z. Suppose 278 = -l*d + 239. What is h(d)?
8
Let l(s) = s**3 + 5*s**2 - 6*s + 12. Let f be (13/26)/(3/(-30)). Determine l(f).
42
Let a(b) = b**2 - 10*b - 3. Suppose 21*w - 109 = 1424. Suppose 7*k - 122 = -w. Calculate a(k).
-24
Let v(g) = g**3 + 5*g**2 - 6*g - 37. Suppose -94*h = 187 + 283. Calculate v(h).
-7
Let p(s) = -31*s - 379. Suppose 3699*c = 3680*c - 228. Determine p(c).
-7
Let p(i) = -5*i + 2. Suppose -20*d = -4*d - 1536. Suppose -4*o - 84 = -d. Give p(o).
-13
Let i(p) = -105*p**2 + 17*p - 13. Let y(l) = 78*l**2 - 16*l + 12. Let f(z) = -3*i(z) - 4*y(z). Determine f(-6).
21
Let b(m) = m**3 + 20*m**2 - 33. Let x(z) = -5*z**3 - 80*z**2 + z + 132. Let q(p) = -9*b(p) - 2*x(p). Determine q(20).
-7
Let a = 132 - 115. Suppose a*n = 101 + 52. Suppose -4*r - 27 = 2*o + 3*o, 2*r = 5*o + n. Let h(x) = -x**3 - 4*x**2 - x + 2. What is h(r)?
-4
Suppose 2*y - 3*m - 43 = -2*m, m = -5*y + 97. Let f(z) = -15*z + 12 + z**3 + y + 0 + 0 - 7*z**2 - 5*z**2. Calculate f(13).
6
Let z(b) be the second derivative of -b**4/12 + 3*b**3/2 + 16*b**2 + 2*b - 1804. What is z(11)?
10
Let d = -177 - -179. Let o(n) = 6*n + 6*n - 2*n - 2*n + d. What is o(-2)?
-14
Let g(u) = u**3 + 8*u**2 + 6*u - 7. Let b be 1/10 + (-118)/(-20). Let n = b - 13. Calculate g(n).
0
Let a(z) be the second derivative of z**5/20 + 7*z**4/6 + 2*z**3 - 4*z**2 + 3052*z. What is a(-13)?
5
Let v(z) be the first derivative of -7*z**2/2 - 4*z - 22928. Let u(x) = -2*x. Let n be u(2). Determine v(n).
24
Let i(a) be the third derivative of a**6/120 - 7*a**5/60 - 23*a**4/24 + 17*a**3/3 - 401*a**2 + 2*a. Determine i(9).
-11
Let n = 7688 + -7684. Let b(w) = w**2 + 6*w - 16. Give b(n).
24
Let z = -98 - -98. Let l(n) be the third derivative of -n**6/120 + n**4/24 + 5*n**3/6 - 3*n**2 + 59*n. What is l(z)?
5
Let d(f) be the second derivative of f**4/12 + 2*f**3/3 + f**2 - 3468*f. Let a(j) = 4*j. Let h be a(1). Suppose 5*n = g + 20, 0*n = g + 3*n - h. Calculate d(g).
7
Suppose 5*h - 97 - 61 = t, 0 = -4*h - t + 130. Let u = h - 19. Let m = u + -6. Let y(j) = j**3 - 6*j**2 - 8*j + 3. Determine y(m).
-4
Let d be 139 - (6/(-2) + -2). Let i(k) = 4*k - d + 281 - 151 - 5*k. Calculate i(-13).
-1
Let k(f) be the third derivative of -1/180*f**6 + 5/6*f**3 + 0 + 1/8*f**4 - 1/40*f**5 - 17*f**2 + 0*f. Let n(d) be the first derivative of k(d). What is n(-3)?
-6
Let x(b) be the second derivative of b**4/12 - b**2 - 2075*b. What is x(3)?
7
Let c(y) = 3*y + 15. Let b(z) = -z**3 + 3*z**2 + 7*z + 8. Let j be b(5). What is c(j)?
-6
Suppose 2*d = g - 9, d - 2*g - 3 = -0*g. Let i(f) = 5*f**2 - 71*f - 9. Let w(n) = -4*n**2 + 52*n + 9. Let k(h) = -3*i(h) - 4*w(h). Calculate k(d).
5
Let h(b) be the third derivative of b**5/60 - b**4/6 + b**3/2 + 31*b**2. Let y be (30/40)/(3/16). Suppose 5*l + 16 = -t + y*t, -t = l. What is h(t)?
-1
Let n(t) be the first derivative of -t**3/3 + 11*t**2/2 + 14*t + 390. Calculate n(10).
24
Suppose -4*c - 63 + 75 = 0. Suppose -c*y = -1 - 29. Let t(r) = -7*r**3 + 0 - 4*r**3 + y*r**3 + 9 - 7*r**2. Determine t(-7).
9
Let t(i) = -i**2 - 9*i + 1. Let s = -193 + 199. Let u be (-45)/s*(-12)/(-9). Calculate t(u).
-9
Let w(s) be the second derivative of 0*s**2 - 1 - 39*s + 5/3*s**3. Calculate w(-2).
-20
Let h be ((-5)/(-4) - 1)*0/(-296). Let a(t) be the first derivative of 20 + h*t**2 + t - 1/4*t**4 - 10/3*t**3. Give a(-10).
1
Let s(d) = -71*d**3 + 0*d**2 + 35*d**3 - 4*d**2 + 35*d**3 - 4*d - 2*d**2. Let o be 14/6 - 5 - 1/3. Give s(o).
-15
Let n = -3661 + 3666. Let r(y) = -4*y**2 + 20*y - 3. Give r(n).
-3
Let a(d) = 3*d**2 + 5*d - 2. Suppose 33*q - 29 - 136 = 0. Suppose 2*k - 18 = -4*u, 8*u - q*u = 4*k - 3. What is a(u)?
40
Let d be (-168)/(-63) - (-4)/(-6). Suppose 0 = x - 3*x + 2, -5*x + 3 = -d*r. Let w(t) = 0*t**2 - t**2 + 4*t**3 + 3*t**3 + t + t**3. Give w(r).
8
Let k(g) be the second derivative of -g**3/6 + 3*g. Let a = 1611 - 1623. What is k(a)?
12
Let p be 68/(-238) + 46/14. Let z(a) = 1 + a**p - 7*a + 8*a**2 + 14 + 0*a. Determine z(-9).
-3
Let i be ((275/(-10))/11)/((-15)/12). Let d be (7/7)/i - 3/(-2). Let s(k) = -2 + 2*k + 2*k - 4*k**2 + 2*k**3 + k**3. Calculate s(d).
14
Let l(d) = 18*d. Let u(z) = -89*z + 4. Let m(b) = 15*l(b) + 3*u(b). Calculate m(-3).
3
Let w(i) = -i**2 + i - 1. Let z be (-2)/(-3)*(150/4 + 0). Suppose z*b - 26*b = -1. Let c(m) = m**3 + 9*m**2 + 3*m. Let u(v) = b*c(v) + 2*w(v). What is u(-6)?
4
Let v(h) be the second derivative of 0 - 2*h**2 - 179*h + 1/6*h**3. Determine v(-5).
-9
Let y(q) = q + 6. Let o(i) = -10. Let r(k) = 9